{"id":2119,"date":"2022-10-17T00:03:44","date_gmt":"2022-10-17T03:03:44","guid":{"rendered":"http:\/\/mket.ga\/?post_type=product&#038;p=2119"},"modified":"2024-06-01T13:18:58","modified_gmt":"2024-06-01T16:18:58","slug":"tenis-nike-air-force-branco-com-preto","status":"publish","type":"product","link":"https:\/\/mketstore.com\/?product=tenis-nike-air-force-branco-com-preto","title":{"rendered":"PROMO\u00c7\u00c3O ULTIMO PAR |T\u00eanis Nike Air force Branco com Preto"},"content":{"rendered":"<p>*T\u00eanis acompanha saquinho\/ n\u00e3o acompanha caixa.<\/p>\n","protected":false},"excerpt":{"rendered":"<p>*at0065<\/p>\n","protected":false},"featured_media":2136,"comment_status":"open","ping_status":"closed","template":"","meta":{"_kad_post_transparent":"","_kad_post_title":"","_kad_post_layout":"","_kad_post_sidebar_id":"","_kad_post_content_style":"","_kad_post_vertical_padding":"","_kad_post_feature":"","_kad_post_feature_position":"","_kad_post_header":false,"_kad_post_footer":false,"_kad_post_classname":""},"product_cat":[27],"product_tag":[110,84,119,115,85,103],"_links":{"self":[{"href":"https:\/\/mketstore.com\/index.php?rest_route=\/wp\/v2\/product\/2119"}],"collection":[{"href":"https:\/\/mketstore.com\/index.php?rest_route=\/wp\/v2\/product"}],"about":[{"href":"https:\/\/mketstore.com\/index.php?rest_route=\/wp\/v2\/types\/product"}],"replies":[{"embeddable":true,"href":"https:\/\/mketstore.com\/index.php?rest_route=%2Fwp%2Fv2%2Fcomments&post=2119"}],"wp:featuredmedia":[{"embeddable":true,"href":"https:\/\/mketstore.com\/index.php?rest_route=\/wp\/v2\/media\/2136"}],"wp:attachment":[{"href":"https:\/\/mketstore.com\/index.php?rest_route=%2Fwp%2Fv2%2Fmedia&parent=2119"}],"wp:term":[{"taxonomy":"product_cat","embeddable":true,"href":"https:\/\/mketstore.com\/index.php?rest_route=%2Fwp%2Fv2%2Fproduct_cat&post=2119"},{"taxonomy":"product_tag","embeddable":true,"href":"https:\/\/mketstore.com\/index.php?rest_route=%2Fwp%2Fv2%2Fproduct_tag&post=2119"}],"curies":[{"name":"wp","href":"https:\/\/api.w.org\/{rel}","templated":true}]}}