{"id":1844,"date":"2022-10-16T23:59:14","date_gmt":"2022-10-17T02:59:14","guid":{"rendered":"http:\/\/mket.ga\/?post_type=product&#038;p=1844"},"modified":"2023-05-14T15:58:22","modified_gmt":"2023-05-14T18:58:22","slug":"bolsa-schutz-baladinha-preta","status":"publish","type":"product","link":"https:\/\/mketstore.com\/?product=bolsa-schutz-baladinha-preta","title":{"rendered":"Bolsa CHANEL Baladinha | Al\u00e7a corrente"},"content":{"rendered":"<p>C\u00f3digo AT-5500<\/p>\n<p>&#8216;-Bolsa Baladinha tamanho 20\u00d715<\/p>\n<p>-Couro fale<\/p>\n<p>-Al\u00e7a corrente<\/p>\n<p>-Replica<\/p>\n","protected":false},"excerpt":{"rendered":"<p>C\u00f3digo AT-5500 &#8216;-Bolsa Baladinha tamanho 20\u00d715 -Couro fale -Al\u00e7a corrente -Replica<\/p>\n","protected":false},"featured_media":3691,"comment_status":"open","ping_status":"closed","template":"","meta":{"_kad_post_transparent":"","_kad_post_title":"","_kad_post_layout":"","_kad_post_sidebar_id":"","_kad_post_content_style":"","_kad_post_vertical_padding":"","_kad_post_feature":"","_kad_post_feature_position":"","_kad_post_header":false,"_kad_post_footer":false,"_kad_post_classname":""},"product_cat":[96],"product_tag":[103],"_links":{"self":[{"href":"https:\/\/mketstore.com\/index.php?rest_route=\/wp\/v2\/product\/1844"}],"collection":[{"href":"https:\/\/mketstore.com\/index.php?rest_route=\/wp\/v2\/product"}],"about":[{"href":"https:\/\/mketstore.com\/index.php?rest_route=\/wp\/v2\/types\/product"}],"replies":[{"embeddable":true,"href":"https:\/\/mketstore.com\/index.php?rest_route=%2Fwp%2Fv2%2Fcomments&post=1844"}],"wp:featuredmedia":[{"embeddable":true,"href":"https:\/\/mketstore.com\/index.php?rest_route=\/wp\/v2\/media\/3691"}],"wp:attachment":[{"href":"https:\/\/mketstore.com\/index.php?rest_route=%2Fwp%2Fv2%2Fmedia&parent=1844"}],"wp:term":[{"taxonomy":"product_cat","embeddable":true,"href":"https:\/\/mketstore.com\/index.php?rest_route=%2Fwp%2Fv2%2Fproduct_cat&post=1844"},{"taxonomy":"product_tag","embeddable":true,"href":"https:\/\/mketstore.com\/index.php?rest_route=%2Fwp%2Fv2%2Fproduct_tag&post=1844"}],"curies":[{"name":"wp","href":"https:\/\/api.w.org\/{rel}","templated":true}]}}