{"id":1712,"date":"2022-10-16T23:57:31","date_gmt":"2022-10-17T02:57:31","guid":{"rendered":"http:\/\/mket.ga\/?post_type=product&#038;p=1712"},"modified":"2023-05-23T11:00:52","modified_gmt":"2023-05-23T14:00:52","slug":"brand-collection-167-inspiracao-bvlgari-acqua-25ml","status":"publish","type":"product","link":"https:\/\/mketstore.com\/?product=brand-collection-167-inspiracao-bvlgari-acqua-25ml","title":{"rendered":"Brand Collection 167 &#8211; Inspira\u00e7\u00e3o Bvlgari Acqua &#8211; 25ml"},"content":{"rendered":"<p>O que \u00e9 Contratipo?<\/p>\n<p>Praticamente todo perfume \u00e9 inspirado, seja em uma tend\u00eancia em um conceito ou um tema. No caso de perfumes contratipos s\u00e3o inspirados nos importados de grife, tendo estes suas pr\u00f3prias caracter\u00edsticas e formula\u00e7\u00e3o, e o resultado final s\u00e3o fragr\u00e2ncias com acordes sensacionais sendo comparadas as dos perfumes famosos.<\/p>\n<p>O gosto por perfume importado costuma ser uma unanimidade, afinal quem \u00e9 que n\u00e3o gosta de ficar perfumado? Existem perfumes para todos os gostos e bolsos e \u00e9 a\u00ed que muitas vezes fica a d\u00favida na hora da escolha: e agora, devo escolher o que realmente gosto ou o que custa mais barato? \u00c9 sempre recomend\u00e1vel que se pense no custo-benef\u00edcio e pensando nisso, algumas empresas lan\u00e7aram os contratipos (ou inspira\u00e7\u00f5es).  A grande diferen\u00e7a entre eles est\u00e1 na concentra\u00e7\u00e3o da ess\u00eancia, que \u00e9 o que determina o tempo de perman\u00eancia do odor na pele.<\/p>\n<p>Os Brand Collections<\/p>\n<p>Os perfumes Brand Collection s\u00e3o inspirados nos grandes perfumes importados, (chamamos de contratipos) por\u00e9m de tudo que existe no mercado eles s\u00e3o os mais pr\u00f3ximos aos perfumes importados famosos em termos de qualidade de embalagem e l\u00edquido. A linha Brand Collection trabalha com perfumes Travel Size (tamanho para viagem), s\u00e3o fabricados em tamanho de 25 ml e seus frascos parecem lindas miniaturas dos perfumes famosos. Com essa proposta o cliente tem acesso a v\u00e1rios perfumes possibilitando o mesmo ter diversas op\u00e7\u00f5es de fragr\u00e2ncias sem investir um alto valor, adquirindo um produto de qualidade.  Foram efetuados diversos comparativos dos mesmos com perfumes importados famosos e o que ficou ressaltado nesses testes \u00e9 a proximidade em termos de qualidade comparado aos perfumes de grife.<\/p>\n","protected":false},"excerpt":{"rendered":"<p>AT0050<\/p>\n","protected":false},"featured_media":1742,"comment_status":"open","ping_status":"closed","template":"","meta":{"_kad_post_transparent":"","_kad_post_title":"","_kad_post_layout":"","_kad_post_sidebar_id":"","_kad_post_content_style":"","_kad_post_vertical_padding":"","_kad_post_feature":"","_kad_post_feature_position":"","_kad_post_header":false,"_kad_post_footer":false,"_kad_post_classname":""},"product_cat":[81],"product_tag":[],"_links":{"self":[{"href":"https:\/\/mketstore.com\/index.php?rest_route=\/wp\/v2\/product\/1712"}],"collection":[{"href":"https:\/\/mketstore.com\/index.php?rest_route=\/wp\/v2\/product"}],"about":[{"href":"https:\/\/mketstore.com\/index.php?rest_route=\/wp\/v2\/types\/product"}],"replies":[{"embeddable":true,"href":"https:\/\/mketstore.com\/index.php?rest_route=%2Fwp%2Fv2%2Fcomments&post=1712"}],"wp:featuredmedia":[{"embeddable":true,"href":"https:\/\/mketstore.com\/index.php?rest_route=\/wp\/v2\/media\/1742"}],"wp:attachment":[{"href":"https:\/\/mketstore.com\/index.php?rest_route=%2Fwp%2Fv2%2Fmedia&parent=1712"}],"wp:term":[{"taxonomy":"product_cat","embeddable":true,"href":"https:\/\/mketstore.com\/index.php?rest_route=%2Fwp%2Fv2%2Fproduct_cat&post=1712"},{"taxonomy":"product_tag","embeddable":true,"href":"https:\/\/mketstore.com\/index.php?rest_route=%2Fwp%2Fv2%2Fproduct_tag&post=1712"}],"curies":[{"name":"wp","href":"https:\/\/api.w.org\/{rel}","templated":true}]}}